at is the value of -24 - -32 - (-1 + -2 + -3)?
14
(-33 - (-26 - 1)) + (0 - -3) + -3
-6
(1 - 1) + (-16 - (10 - (14 - 15)))
-27
(-39 - -1) + (-14 - (-17 - 14))
-21
What is the value of -2784 + 2791 - (0 - (-22 + 1 + -1))?
-15
Evaluate (-6 - -7) + -86 + 71.
-14
What is the value of -12 + (7 + -4 + 3 - 8)?
-14
(-360 - -358) + (1 - -5)
4
-3 + (13 - -7) + -14 + 7
10
Evaluate -4 + 0 + 18 + (5 - 10).
9
3 + 21 - -2 - (20 + -23 + 11)
18
47 + (-30 - -10) + (-15 - -3)
15
Calculate 4 + (0 + 4 - (5 - 5)).
8
Calculate -51 + 110 + -47 - (-1 - -1).
12
Calculate -633 - -633 - (8 + 2 + -2).
-8
-18 - (-47 - -3 - -24)
2
What is the value of -49 + (102 - 42) - 39?
-28
Evaluate 12 + -1 + 0 - (33 - 16 - 16).
10
Calculate -2071 + 2082 + -40 + (0 - -1).
-28
62 + (43 - (110 - 26))
21
What is the value of (80 + -41 - -28) + -41?
26
Calculate 12 - ((20 - (-4 - -20)) + 35).
-27
What is 1 - -1 - (28 - 14)?
-12
Calculate (30 + -17 - 13) + (13 - 5).
8
10 + (-5 - (36 - 16 - 12))
-3
Calculate 11 + -20 + 3 - (0 - -1).
-7
What is (9 - (41 + -11)) + 19?
-2
What is -16 - (-2 + -23 - -14)?
-5
10 + (3 + 3 - (-13 - (-23 - -5)))
11
What is 9 + 1 + 6 - (1 + 6)?
9
What is the value of -2402 + 2413 + (-1 - -4 - (2 + -2))?
14
Evaluate -4 + (-21 - -12) + 5 - 6.
-14
What is (33 - 35) + (0 - (-2 + 4) - -2)?
-2
Calculate 1 - (-13 + 9) - (-2 + 20 - 1).
-12
10 + 0 + (-5 - 11 - (-5 - -10))
-11
Evaluate -14 + -3 + 11 + (9 - -1).
4
What is -7 + (-1 - (-3 + 11 - 19))?
3
(645 - 657) + (1 - -27 - (-8 + 8))
16
Calculate (-6 - 18 - -18) + -10.
-16
What is the value of 9 + -7 - 50 - -22?
-26
What is (10 - -1) + (-14 + 27 + -20 - 15)?
-11
What is -23 + -1 - (10 + (-56 - -6) - -31)?
-15
What is the value of (-9 - -8) + -1 + (-2 - (0 - 1))?
-3
-13 + 8 + 4 + (18 - 0)
17
Evaluate (9 - (6 + (9 - 0))) + (0 - -26).
20
What is the value of -6 - (3 + (-12 - ((-1 - 7) + 5)))?
0
What is 5 + (-1 - -4) + 6 + (-12 - -4)?
6
18 - (10 + (-5 - (-6 - -5)))
12
What is 6 - (-48 + 37) - 35?
-18
Calculate 2148 - 2146 - (-9 - (1 - 1)).
11
Evaluate 3 + 4 + -7 + -4 - 8.
-12
What is the value of (-48 - -30 - -27) + -27?
-18
Calculate 102 + -99 - (-3 - -5).
1
What is the value of -36 - -29 - (-6 + -2) - 3?
-2
Evaluate -29 + 32 + (7 - (7 + 1)).
2
3 + 6 + (11 + -7 - 9)
4
Evaluate -23 + -6 + 8 - -16.
-5
Calculate 2 + (5 - 4 - 6 - 1 - -5).
1
(-43 - -46) + (-3 - 0) + -10 + -2
-12
Calculate (2 - (-3 - -5) - 10) + 20 - 47.
-37
What is the value of (-2 - 30) + -57 + 65?
-24
Evaluate 0 - 1 - 3 - (0 + -6 - -2).
0
Calculate -12 + (6 - (2 - 4 - 2) - 6).
-8
What is the value of (-3 - -41) + -81 + 72?
29
Calculate -6 - (-6 + 6 + -4 + -22) - 1.
19
What is the value of (-2 - 22) + -4 + 17?
-11
What is -2 + 11 + -21 + 5?
-7
Evaluate -6 - (-29 + -21 + 41).
3
Calculate 3 + 4 - (-1 - -2 - -11) - -15.
10
-2 - (-3 + -3 + -6 + -6) - -2
18
29 - (43 + (-6 - 47))
39
Calculate 9 - (43 - 78 - -56).
-12
Calculate 14 - (-9 + -5 + 13 + -5).
20
What is -600 + 593 + -42 + 0 + 9?
-40
Evaluate (11 - 20 - -8) + 2 - (-17 + 0).
18
What is (7 - (-5 - -6) - 12) + 9?
3
What is (-9 - (-17 + -6)) + -24?
-10
Evaluate -58 - (-16 - 29) - (0 + 0).
-13
What is the value of -37 - 6 - 19 - -42?
-20
What is 41 + 4 + -64 + 44?
25
(-17 - (8 + 2 - 24)) + (-1 - -3)
-1
What is the value of -10 + 6 + -14 + (13 - -3)?
-2
What is -11 + (-1 - (-2 + -1)) + 947 + -964?
-26
Evaluate (-12 - -1) + (7 - 21) + 17 + 1.
-7
What is -9 - 0 - ((-15 - -22) + 9 - 15)?
-10
39 + -34 + -19 + (1 - 2) + -4
-19
Calculate 3 - 6 - -3 - -1 - (10 + 0).
-9
Calculate (-4 - (-17 - -10)) + (10 - 4) + 1.
10
What is the value of (-35 + -22 - -30) + -6?
-33
Calculate -3 + -4 - -13 - (31 + -7).
-18
Calculate -8 - (8 + (1 - 8) - (1 - 3)).
-11
What is 5 + (10 - -15) + -12 - 9?
9
What is the value of -2 - 18 - (-355 - -341)?
-6
-2 - -1 - (-9 - -3 - -1)
4
Evaluate 3 - (-7 + 23 + -11).
-2
Evaluate -8 + 10 + 3 + (1 + -8 - -9).
7
Evaluate (11 - 1) + 52 + -72.
-10
Calculate 18 + -4 + -8 - (-1 - (1 - -1)).
9
Evaluate -8 + 3 + (11 - 14) + -9 + 2.
-15
229 + -250 + (-1 + 0 - -7) + 2
-13
What is 19 - 1 - (7 - -2)?
9
What is the value of 4 + (4 + 0 - 2)?
6
What is the value of -17 - (-18 - -24) - -28?
5
Calculate -8 + 2 - (7 - 6).
-7
Evaluate (0 - (8 - 12)) + (15 - -1).
20
Evaluate (9 + 23 - 25) + -2 + 11.
16
What is -15 + (-30 - -18 - (-16 + -3))?
-8
Calculate -13 + 15 + 6 + -19.
-11
Evaluate -7 - (-16 + 25 + (2 - 3)).
-15
What is the value of -4 - (24 + 0 + 7)?
-35
Evaluate -16 - (-11 - (12 - -2)) - -7.
16
What is 6 - 0 - 1 - (2 + 4)?
-1
Evaluate 11 - 13 - 1 - -13.
10
7 - 0 - (-348 + 371)
-16
What is -4 + (2 - 0) + -1 - (42 + -49)?
4
What is 2 - (9 + -28 - -13 - (-16 + -3))?
-11
Evaluate 13 + (-1 - (5 + (-4 - 13))).
24
What is the value of -9 + (-1 - -6) + (10 - 1) - -8?
13
6 - -7 - 8 - 16
-11
Evaluate 10 + -7 + (-2 - (-1 + 0)) + -1.
1
What is the value of -5 + 0 + (-27 - (23 + -55 - -10))?
-10
What is 3 + (-6 + 19 - 5)?
11
Evaluate 0 + (-3 - -5) - (-6 + 1 + 21).
-14
What is the value of (-26 - -10) + -3 + (32 - 18)?
-5
What is (4 - (40 + -4)) + -31 + 49?
-14
Evaluate -12 + -6 + 7 - -11.
0
Calculate (2 - 1) + -3 - (3 - (1 + -4)).
-8
What is (-14 - -4) + (48 - 32)?
6
What is the value of -15 + (7 + -8 - 1) - -19?
2
What is (-40 - -33) + -4 + 3 + -2 + 10?
0
What is (6 + -3 - 7 - -4) + 2?
2
What is the value of (-28 - -12) + (7 - -15)?
6
What is the value of -3 - (11 + 19 + -23 - (2 + 1))?
-7
Calculate 10 - (-35 + 43) - 31.
-29
What is the value of 6 + -10 + 12 - 12 - -12?
8
Calculate -233 + 198 + 26 + -3.
-12
What is the value of 3 + (-9 - 1) - (10 + -5)?
-12
What is the value of (1 - 8) + -13 + (24 - (40 + -24))?
-12
What is -15 - 0 - (5 - (15 - 5))?
-10
What is the value of (3 - 1) + 3 - ((5 - -11) + -14)?
3
What is the value of 7 + (-7 - 20) - (26 - 29)?
-17
What is 6 - (11 - -15) - -7?
-13
What is -1 + 7 - ((-5 - -41) + -40)?
10
What is the value of (1 - (16 - -1)) + 2321 + -2330?
-25
Evaluate 9 + (2 + -8 - ((-3 - 11) + 9)).
8
0 - 8 - (4 - (-10 - (1 + -10)))
-13
What is the value of -7 + -6 + (19 - 9 - -7)?
4
Evaluate 20 + (-7 - (-5 - (1 + -5 - -1))).
15
What is the value of (-16 - -3) + 11 - -1?
-1
(36 - 62) + (79 - 32)
21
(46 - 4 - 57) + (1 - -41)
27
Calculate -24 + (5 - (-31 + 4)).
8
(-41 - (11 + -14)) + 34
-4
Calculate -61 + 58 + 2 + 0.
-1
Evaluate 0 + 4 + -9 - (-11 + -4 - -30).
-20
What is -20 + 33 + (2 - 8)?
7
Calculate -7 - 1 - (-10 - 0 - (4 - 5)).
1
-1 + -4 + (-3 - -24) + -18
-2
7 + (4 - 17) - 7
-13
What is the value of 12 + -4 + -1 - -19 - (6 + 1)?
19
(5 - -20 - (0 - -5)) + -1 + -7
12
What is the value of -11 - ((-8 - -8 - -1) + -8)?
-4
Evaluate (6 - (-9 - 5)) + -10.
10
Evaluate -7 - -3 - (25 + 19 + -14).
-34
What is the value of (14 - (36 + -12)) + -2 + -12?
-24
Calculate -11 - (12 + -28) - 7.
-2
Evaluate -1 - 7 - (15 + 41 + -37).
-27
-9 - (3 + -22) - 7 - -8
11
Calculate -47 - (17 - 70 - -17).
-11
What is (-9 - -2 - -11) + (-7 - 2) - -29?
24
What is 4 - (2 + (23 - (6 - -1) - 0))?
-14
What is the value of -1 - 11 - (-226 + 227) - -22?
9
Calculate -8 + (-1 - 0 - (-194 - -204)).
-19
What is (-4 - (12 - 21)) + (12 - 34)?
-17
What is -8 + 12 + -6 + -4 + 0 + -4?
-10
Calculate (7 - (4 - 23)) + (-24 - -18).
20
10 + (4 - 4) + (5 - 5 - 3)
7
Evaluate (1 - (-7 - -1)) + (-10 - 2).
-5
21 - 23 - (5 + -11 - (-2 + 0))
2
Evaluate (-2 - (0 + -16)) + (-6 - 2).
6
What is the value of 25 + 5 + -37 - (-20 - -3)?
10
Evaluate 13 + (-4 - 4) - (11 + -3) - -6.
3
Evaluate (5 - 15) + (20 - 17).
-7
Evaluate (12 - 26) + 0 - -19.
5
Evaluate 115 + -113 + (4 - -2 - (-1 - 0)).
9
What is (-11 - 1) + (14 + 1 - 10) + -3?
-10
What is the value of (-274 - -263) + (15 - 1)?
3
What is (-6 - (-1 + 0)) + 2 + (-5 - -8)?
0
What is the value of (0 - 4 - -12) + -12?
-4
What is 20 - (55 + -28 + -31)?
24
What is the value of (6 - (-1 + 2)) + -1?
4
What is 0 + -15 - (-7 - (1 + -6))?
-13
-8 + 24 + -37 + 3 + -5
-23
What is (-25 + 6 - -12) + (6 - (2 + -1))?
-2
What is the value of (-4 - (-4 + 3) - -17) + 3 + -9?
8
What is 14 + -21 + (-1 - -9) - 11?
-10
-8 - -1 - (406 - 404)
-9
Calculate (-3 - -18) + 2 + (7 - 15).
9
What is the value of 5 - 1 - (3 - (1 + -4 + 7))?
5
Evaluate (-3 - -21 - 12) + (-4 - (4 + -22)).
20
Calculate (12 - 5) + (-7 - 2) - 4 - -1.
-5
Calculate -2 + -4 + (-21 - -1) + 22.
-4
What is the value of (21 - (34 + -8)) + 4?
-1
What is (-21 - (-22 + 7 + 4)) + 1